t is the thousands digit of 77045741?
5
What is the units digit of 1884690921?
1
What is the ten millions digit of 151562188?
5
What is the hundred thousands digit of 4201205894?
2
What is the hundred thousands digit of 497383677?
3
What is the ten thousands digit of 38815868?
1
What is the tens digit of 10296909?
0
What is the tens digit of 413658893?
9
What is the millions digit of 46396433?
6
What is the billions digit of 2123717654?
2
What is the hundred thousands digit of 487257322?
2
What is the hundred millions digit of 835184890?
8
What is the thousands digit of 54086195?
6
What is the hundred thousands digit of 976116932?
1
What is the tens digit of 374984973?
7
What is the units digit of 161304020?
0
What is the millions digit of 5760650271?
0
What is the tens digit of 149631759?
5
What is the billions digit of 2500438485?
2
What is the ten millions digit of 68176405?
6
What is the billions digit of 2118154106?
2
What is the millions digit of 513318934?
3
What is the units digit of 65882484?
4
What is the units digit of 794471842?
2
What is the thousands digit of 260153632?
3
What is the hundred thousands digit of 81820709?
8
What is the ten millions digit of 974821620?
7
What is the hundreds digit of 2455411360?
3
What is the millions digit of 104884558?
4
What is the units digit of 127030591?
1
What is the hundred thousands digit of 1336630448?
6
What is the hundreds digit of 235502024?
0
What is the millions digit of 6014148463?
4
What is the billions digit of 5588452853?
5
What is the thousands digit of 135828986?
8
What is the hundred thousands digit of 33591970?
5
What is the ten millions digit of 316365849?
1
What is the hundred thousands digit of 3148988226?
9
What is the thousands digit of 4668056235?
6
What is the thousands digit of 39799782?
9
What is the ten thousands digit of 164811218?
1
What is the thousands digit of 1915451502?
1
What is the ten millions digit of 40837772?
4
What is the ten thousands digit of 254693674?
9
What is the tens digit of 72178607?
0
What is the hundreds digit of 161654484?
4
What is the hundred thousands digit of 46858918?
8
What is the tens digit of 70363322?
2
What is the millions digit of 159204228?
9
What is the hundred thousands digit of 8949729245?
7
What is the ten thousands digit of 47692764?
9
What is the ten thousands digit of 796837075?
3
What is the thousands digit of 4160335739?
5
What is the tens digit of 89058282?
8
What is the tens digit of 3186297087?
8
What is the ten thousands digit of 8533178?
3
What is the units digit of 90477872?
2
What is the hundred millions digit of 1446949818?
4
What is the hundreds digit of 64660826?
8
What is the ten millions digit of 2236656504?
3
What is the units digit of 581402399?
9
What is the ten thousands digit of 5278560146?
6
What is the units digit of 491100132?
2
What is the units digit of 7974454139?
9
What is the millions digit of 989132041?
9
What is the ten millions digit of 2952569207?
5
What is the hundred thousands digit of 632294207?
2
What is the millions digit of 129428949?
9
What is the ten thousands digit of 210307811?
0
What is the ten millions digit of 2865050080?
6
What is the millions digit of 468279751?
8
What is the tens digit of 8048137?
3
What is the hundreds digit of 59594372?
3
What is the ten thousands digit of 9626218986?
1
What is the tens digit of 67384942?
4
What is the tens digit of 689658772?
7
What is the ten thousands digit of 89385779?
8
What is the ten thousands digit of 696688648?
8
What is the hundred thousands digit of 176203408?
2
What is the hundred thousands digit of 3414509786?
5
What is the tens digit of 22558552?
5
What is the hundreds digit of 1074404254?
2
What is the ten millions digit of 1471626924?
7
What is the units digit of 5741789697?
7
What is the hundreds digit of 437948037?
0
What is the tens digit of 322031451?
5
What is the units digit of 8434635276?
6
What is the tens digit of 11348707?
0
What is the units digit of 55223169?
9
What is the hundred millions digit of 212057947?
2
What is the ten millions digit of 921344218?
2
What is the units digit of 33866708?
8
What is the hundred thousands digit of 28676596?
6
What is the ten thousands digit of 1101020729?
2
What is the tens digit of 203113743?
4
What is the hundred thousands digit of 158448246?
4
What is the thousands digit of 99703957?
3
What is the ten thousands digit of 42720357?
2
What is the ten millions digit of 147467701?
4
What is the thousands digit of 77264351?
4
What is the millions digit of 238127745?
8
What is the ten millions digit of 776779990?
7
What is the ten thousands digit of 126307763?
0
What is the ten thousands digit of 90039467?
3
What is the units digit of 276934879?
9
What is the millions digit of 57257541?
7
What is the ten thousands digit of 132843289?
4
What is the hundreds digit of 4739476800?
8
What is the millions digit of 558052699?
8
What is the ten millions digit of 6870857030?
7
What is the millions digit of 128872584?
8
What is the millions digit of 32505959?
2
What is the hundred thousands digit of 19008701?
0
What is the units digit of 173251393?
3
What is the units digit of 584595024?
4
What is the thousands digit of 539287029?
7
What is the millions digit of 102486930?
2
What is the hundred thousands digit of 411357079?
3
What is the tens digit of 71053173?
7
What is the ten millions digit of 13070312?
1
What is the ten thousands digit of 292014?
9
What is the hundred millions digit of 2007653603?
0
What is the units digit of 39428411?
1
What is the ten thousands digit of 133774415?
7
What is the tens digit of 302538533?
3
What is the ten millions digit of 2027100370?
2
What is the ten thousands digit of 189178291?
7
What is the thousands digit of 84034784?
4
What is the hundred thousands digit of 143099210?
0
What is the ten thousands digit of 762693262?
9
What is the hundred millions digit of 544424045?
5
What is the hundreds digit of 340833456?
4
What is the hundred thousands digit of 80734437?
7
What is the hundred millions digit of 822501068?
8
What is the hundred thousands digit of 3033071338?
0
What is the ten millions digit of 80400498?
8
What is the hundreds digit of 56693076?
0
What is the hundreds digit of 2907652276?
2
What is the ten thousands digit of 85316733?
1
What is the ten thousands digit of 2340923872?
2
What is the billions digit of 1371739488?
1
What is the hundred thousands digit of 611418649?
4
What is the millions digit of 591428126?
1
What is the hundred millions digit of 109277109?
1
What is the tens digit of 585038986?
8
What is the millions digit of 89636428?
9
What is the hundreds digit of 82313903?
9
What is the tens digit of 255582900?
0
What is the ten thousands digit of 710657930?
5
What is the hundred thousands digit of 38286050?
2
What is the millions digit of 3587162?
3
What is the ten thousands digit of 140407858?
0
What is the ten millions digit of 1762114030?
6
What is the thousands digit of 1016102763?
2
What is the billions digit of 5418361509?
5
What is the ten thousands digit of 191848888?
4
What is the tens digit of 181127414?
1
What is the millions digit of 638612617?
8
What is the ten millions digit of 15959923?
1
What is the ten thousands digit of 1244341579?
4
What is the hundred thousands digit of 4398577537?
5
What is the ten thousands digit of 173136311?
3
What is the hundred millions digit of 2038600172?
0
What is the ten millions digit of 161785513?
6
What is the billions digit of 3197909653?
3
What is the hundred thousands digit of 21915892?
9
What is the tens digit of 116022175?
7
What is the thousands digit of 1634101294?
1
What is the billions digit of 3209457734?
3
What is the millions digit of 221571156?
1
What is the ten thousands digit of 762345473?
4
What is the units digit of 1770543006?
6
What is the hundred thousands digit of 577847844?
8
What is the ten millions digit of 27735159?
2
What is the hundreds digit of 746705818?
8
What is the thousands digit of 119159921?
9
What is the ten millions digit of 2868564246?
6
What is the billions digit of 4490511559?
4
What is the thousands digit of 3597294627?
4
What is the units digit of 3319712504?
4
What is the millions digit of 91503550?
1
What is the hundred thousands di